068456 is divided by 47864?
16
Calculate the remainder when 1408347 is divided by 17.
16
What is the remainder when 182917 is divided by 60850?
367
Calculate the remainder when 2265606 is divided by 251710.
216
Calculate the remainder when 1192599 is divided by 63.
9
What is the remainder when 109412 is divided by 54382?
648
What is the remainder when 3286573 is divided by 240?
13
What is the remainder when 246012 is divided by 13923?
9321
Calculate the remainder when 150965 is divided by 50308.
41
What is the remainder when 5459665 is divided by 396?
13
What is the remainder when 80568 is divided by 80546?
22
Calculate the remainder when 185200 is divided by 61669.
193
What is the remainder when 15380427 is divided by 4158?
4143
Calculate the remainder when 14177763 is divided by 292.
287
What is the remainder when 6190 is divided by 922?
658
Calculate the remainder when 3724673 is divided by 76013.
36
Calculate the remainder when 121403 is divided by 186.
131
What is the remainder when 10992790 is divided by 1570397?
11
What is the remainder when 1633733 is divided by 21?
17
Calculate the remainder when 1335706 is divided by 222591.
160
What is the remainder when 2802886 is divided by 467143?
28
Calculate the remainder when 1469205 is divided by 41973.
150
What is the remainder when 3175242 is divided by 5?
2
Calculate the remainder when 1654758 is divided by 188.
170
What is the remainder when 2722936 is divided by 1361463?
10
What is the remainder when 459878 is divided by 2254?
62
What is the remainder when 711470 is divided by 388?
266
Calculate the remainder when 2003830 is divided by 197.
143
Calculate the remainder when 17827556 is divided by 713102.
6
What is the remainder when 17970856 is divided by 23?
13
Calculate the remainder when 107025218 is divided by 4151.
4136
Calculate the remainder when 2443671 is divided by 53123.
13
What is the remainder when 357645 is divided by 12665?
3025
Calculate the remainder when 1844901 is divided by 13665.
126
Calculate the remainder when 48252647 is divided by 738.
731
Calculate the remainder when 159925605 is divided by 53956.
21
What is the remainder when 162731 is divided by 3297?
1178
What is the remainder when 32789 is divided by 10906?
71
Calculate the remainder when 250495 is divided by 1277.
203
Calculate the remainder when 38028513 is divided by 295.
63
What is the remainder when 191854999 is divided by 34?
3
What is the remainder when 25501075 is divided by 19363?
4
What is the remainder when 20543898 is divided by 188476?
14
Calculate the remainder when 394577 is divided by 9306.
3725
Calculate the remainder when 17047018 is divided by 5682336.
10
What is the remainder when 2381105 is divided by 92?
53
What is the remainder when 1108132 is divided by 3157?
25
What is the remainder when 1058482 is divided by 1578?
1222
What is the remainder when 13207 is divided by 3002?
1199
What is the remainder when 234284102 is divided by 55?
52
Calculate the remainder when 1128097 is divided by 473.
465
What is the remainder when 387521 is divided by 193754?
13
What is the remainder when 106122 is divided by 20646?
2892
What is the remainder when 2750666 is divided by 35?
16
What is the remainder when 3441979 is divided by 382441?
10
Calculate the remainder when 11262 is divided by 2624.
766
Calculate the remainder when 205902 is divided by 201341.
4561
What is the remainder when 99153 is divided by 7626?
15
What is the remainder when 3899240 is divided by 264?
224
What is the remainder when 17420255 is divided by 288?
287
Calculate the remainder when 288593 is divided by 144291.
11
What is the remainder when 15368 is divided by 15182?
186
Calculate the remainder when 1690029 is divided by 7478.
1
What is the remainder when 3526432 is divided by 1274?
0
What is the remainder when 97939 is divided by 13343?
4538
Calculate the remainder when 280554 is divided by 140211.
132
Calculate the remainder when 6384653 is divided by 912093.
2
What is the remainder when 574387 is divided by 1232?
275
Calculate the remainder when 11471792 is divided by 132.
68
What is the remainder when 167813 is divided by 675?
413
Calculate the remainder when 280003 is divided by 6363.
31
What is the remainder when 57876053 is divided by 660?
653
What is the remainder when 1246514 is divided by 4567?
4290
What is the remainder when 544521 is divided by 1891?
1804
Calculate the remainder when 1869 is divided by 270.
249
Calculate the remainder when 135906005 is divided by 7359.
7352
Calculate the remainder when 123660117 is divided by 23.
19
What is the remainder when 8705209 is divided by 2574?
2515
Calculate the remainder when 64363480 is divided by 22.
16
What is the remainder when 83990 is divided by 40058?
3874
Calculate the remainder when 3544304 is divided by 876.
8
What is the remainder when 1715792 is divided by 44?
12
Calculate the remainder when 437682 is divided by 579.
537
What is the remainder when 4213621 is divided by 54722?
27
What is the remainder when 2284908 is divided by 1142449?
10
Calculate the remainder when 1886443 is divided by 509.
89
What is the remainder when 268419 is divided by 988?
671
Calculate the remainder when 7634048 is divided by 848205.
203
What is the remainder when 1073432 is divided by 93?
26
What is the remainder when 612464 is divided by 285?
284
Calculate the remainder when 3699904 is divided by 67270.
54
What is the remainder when 5530695 is divided by 92?
23
Calculate the remainder when 28691700 is divided by 8705.
20
Calculate the remainder when 1053754 is divided by 8930.
14
Calculate the remainder when 1900192914 is divided by 739.
736
What is the remainder when 2614219 is divided by 8892?
8863
Calculate the remainder when 5364441 is divided by 1227.
1224
Calculate the remainder when 24976 is divided by 1659.
91
What is the remainder when 28910117 is divided by 1907?
1904
Calculate the remainder when 765941 is divided by 93.
86
What is the remainder when 9060926 is divided by 3020305?
11
Calculate the remainder when 309385082 is divided by 31.
29
Calculate the remainder when 27014 is divided by 6718.
142
Calculate the remainder when 847783039 is divided by 832.
831
Calculate the remainder when 871011 is divided by 439.
35
What is the remainder when 245979 is divided by 4823?
6
What is the remainder when 469908 is divided by 940?
848
Calculate the remainder when 648822 is divided by 332.
94
What is the remainder when 426063 is divided by 1415?
148
What is the remainder when 6386395 is divided by 2869?
1
Calculate the remainder when 434252 is divided by 33370.
442
What is the remainder when 467224182 is divided by 69?
66
Calculate the remainder when 3733894 is divided by 145.
144
Calculate the remainder when 587406 is divided by 252.
246
Calculate the remainder when 56330423 is divided by 407.
402
Calculate the remainder when 1565992 is divided by 24092.
12
Calculate the remainder when 4266142 is divided by 18.
16
What is the remainder when 21080712 is divided by 267?
261
What is the remainder when 141191705 is divided by 12?
5
What is the remainder when 1344200 is divided by 12925?
0
What is the remainder when 70033 is divided by 7693?
796
What is the remainder when 7265387 is divided by 7324?
7303
What is the remainder when 4423460 is divided by 141?
8
Calculate the remainder when 119698 is divided by 119080.
618
What is the remainder when 2477003 is divided by 190538?
9
What is the remainder when 167688260 is divided by 3386?
3382
What is the remainder when 2003406930 is divided by 14293?
14292
Calculate the remainder when 2757210 is divided by 269.
229
Calculate the remainder when 9144025 is divided by 3047951.
172
Calculate the remainder when 946866 is divided by 2505.
2481
What is the remainder when 1014647 is divided by 507305?
37
What is the remainder when 2172456 is divided by 271556?
8
What is the remainder when 556025 is divided by 1681?
1295
Calculate the remainder when 14276 is divided by 385.
31
Calculate the remainder when 92094516 is divided by 140.
136
What is the remainder when 13277103 is divided by 1475232?
15
Calculate the remainder when 126328 is divided by 2688.
2680
Calculate the remainder when 5814291 is divided by 8.
3
What is the remainder when 